. What is the highest common factor of 1242 and o?
23
Let k(j) = -3*j + 40. Let d be k(11). Suppose -d*w + 134 = -377. Calculate the greatest common factor of 146 and w.
73
Let x = -8288 + 14904. What is the greatest common divisor of x and 8?
8
Let f = -25054 - -25103. What is the greatest common divisor of f and 2989?
49
Suppose -75*p + 38282 + 18850 = -6*p. What is the highest common divisor of p and 207?
207
Let p be (-1)/((-5)/(-6) + 1737/(-918) + 1). Calculate the highest common factor of 7939 and p.
17
Let x = 16979 - 5283. What is the highest common divisor of 32 and x?
16
Let m be (9828/(-10))/(-6)*5*(-6)/(-9). Calculate the greatest common divisor of m and 588.
42
Let s(c) = -54 - 126*c - 64 - 36. Let z be s(-3). What is the highest common factor of 48 and z?
16
Suppose -36*c - 51*c = -26*c - 135054. Calculate the greatest common divisor of 1558 and c.
82
Suppose -29236 + 273436 = -4*a. Let d be a/(-231) + (-2)/7. Calculate the highest common factor of d and 22.
22
Suppose 69*y + 21833 = 73*y + 3*h, 0 = 2*h - 6. What is the greatest common divisor of 352 and y?
176
Let k = 53274 + -35382. What is the greatest common divisor of 54 and k?
18
Suppose 0 = -3*z + 4*l + 120 + 942, 5*z + 3*l - 1741 = 0. What is the greatest common divisor of 1120 and z?
70
Suppose 5753 = 158*j + 2593. Let s be (-4)/(-14) + 243/7. What is the highest common factor of j and s?
5
Suppose 0 = 2*i - 1 + 95. Let r = i + 6. Let d = r - -61. What is the highest common divisor of 20 and d?
20
Let g be (-15)/(315/14)*(-108855)/10. Calculate the highest common divisor of 531 and g.
177
Suppose 3*r - f = 260, -r - 110*f = -106*f - 52. Let s(b) = 72*b. Let m be s(2). What is the greatest common divisor of m and r?
12
Let s = -603 + 967. Suppose 35*f = 7*f + s. What is the greatest common divisor of f and 182?
13
Let s(z) = 2*z - 17. Let o be s(11). Suppose 11*i - 8*i - 153 = o*f, -4*i = 4*f - 172. Calculate the highest common divisor of 414 and i.
46
Suppose -3*k + 2903 = 2*v, 4*v + k - 2517 = 3254. Calculate the greatest common divisor of 2 and v.
1
Let v = -119 - -117. Let r(p) = 24*p**2 + 4*p + 10. Let t be r(v). Calculate the highest common divisor of 49 and t.
49
Let g(d) = d**3 - 3*d**2 + 2*d - 6. Let r be g(4). Suppose 280*i - 337*i = -1368. What is the highest common divisor of i and r?
6
Suppose 0 = -j + 2*s + 13, 4*j - j - s - 19 = 0. Suppose w = -z + 98, j*z - 358 - 124 = -w. Calculate the greatest common divisor of 3 and z.
3
Suppose 44*a - 45*a = 26. Let w = -13 - a. Suppose 4 = -2*h + y + w, -3*h + 9 = -3*y. What is the greatest common divisor of 90 and h?
6
Let v be (-54)/(-63) - ((-243270)/(-70))/(-9). Calculate the greatest common factor of v and 9159.
129
Let i be 1249 - 11/((-209)/(-323)). Calculate the greatest common factor of i and 140.
28
Let d be (6/(-9))/(13/(-78)) - -67. Let f(b) = b**3 - 8*b**2 - 10*b + 10. Let v be f(9). Calculate the highest common factor of v and d.
1
Suppose -5*s - j = 3 - 7, -3*s - 2*j + 8 = 0. Let a be -8*(-3)/8 - (-39 + s). What is the greatest common factor of a and 42?
42
Let q be 10/(-45) - 1412/(-36). Suppose -20 = 34*h - q*h. Suppose -h*o + 209 = w, 2*w - o + 0*o = 454. What is the highest common divisor of 25 and w?
25
Suppose 2*x - 8 = -16, -3*x = 3*n - 9387. Calculate the greatest common factor of 208 and n.
13
Let m(i) = -634*i - 372. Let d be m(-14). Calculate the greatest common factor of d and 8.
8
Let r be (693/(-35) - -3)/(2/(-5)). Let m be (72/r)/((-4)/(-42)). Suppose 0 = 5*i - y - 92, -5*y - 6 = -2*y. What is the greatest common factor of i and m?
18
Suppose -4*b = o + 9 - 4, -4*b = -o - 5. Suppose -5*n + 123 = x, 2*x + 13*n - 12*n - 264 = b. Calculate the greatest common factor of 171 and x.
19
Suppose -2*k = 2*k - 152. Let a be ((-307)/(-3377))/(1*(-1)/(-418)). Calculate the highest common factor of a and k.
38
Suppose -33333 = 7664*j - 7669*j - 3*i, 5*i - 5 = 0. What is the highest common factor of j and 22?
22
Let k = 15222 + -13267. Calculate the highest common divisor of k and 5.
5
Let i(j) = j**2 - 5*j - 2. Let d be i(5). Let l = -637 - -649. Let y = l - d. What is the highest common divisor of 112 and y?
14
Suppose 635 = 7*r - 2*r + 5*w, 0 = -5*w - 10. Let y = r - 125. Suppose -2*c - c = 3*u - 63, u - 4*c + 4 = 0. What is the highest common factor of u and y?
4
Let u(m) = -2*m**3 - 84*m**2 + 55*m + 123. Let c be u(-44). What is the greatest common divisor of 13 and c?
13
Suppose 101*r - 99234 = 27*r. What is the highest common factor of 149 and r?
149
Let i = 3537 + -3449. Calculate the highest common divisor of i and 506.
22
Suppose 91 = 19*f - 4. Suppose 0 = -f*l - 2*t + 50, -l + 36 = 5*t + 3. Calculate the highest common factor of l and 10.
2
Suppose -3*y = -18, 6*m - 10*m - 3*y + 882 = 0. What is the highest common divisor of 189 and m?
27
Let r(a) = 6098*a + 42983. Let l be r(-7). Suppose -123 = -5*p - 4*b, 2*b - 126 = -5*p - b. What is the highest common divisor of p and l?
27
Suppose -26932 = -9*q - 16564. Calculate the greatest common divisor of 90 and q.
18
Let x be 43870/110 + (-10)/(-55). What is the greatest common divisor of 119 and x?
7
Let n = 1857670 - 1857656. Suppose -g - d = -3 - 0, -5*g = -3*d + 1. Let j be 70 - g - (0 - 1). What is the greatest common divisor of n and j?
14
Suppose -5*x + 0*x - 4*i = -1996, 4*i + 1204 = 3*x. Let j(o) = 5*o**2 - 4. Let c be j(2). Calculate the highest common factor of x and c.
16
Suppose -5*k + 564 = -2721. Let f(t) = 122*t + 1351. Let j be f(-11). Calculate the highest common divisor of j and k.
9
Let r be (-1689)/(-3) - (-19 - -31). Calculate the greatest common divisor of r and 608.
19
Let p = -23 + 23. Suppose -31*o + 25*o + 192 = p. Suppose 0 = 3*t - 2*t - 80. Calculate the highest common divisor of t and o.
16
Let x(b) = -b**3 + 4*b**2 + 31*b + 11. Let t be x(8). Let s be ((-6)/12)/(t/(-60)). What is the greatest common divisor of s and 4?
2
Let z = -920 - -606. Let k = -158 - z. Let o be -1 + k/2 + 4. Calculate the greatest common factor of 9 and o.
9
Suppose -21*k + 22*k + 4*d - 459 = 0, 0 = 2*k + 2*d - 918. Calculate the highest common divisor of 531 and k.
9
Suppose t - n = 37 - 14, 0 = -4*t + 3*n + 89. Let u be 5/t*1/(2/872). Suppose 6*j - 71 = u. What is the highest common divisor of 45 and j?
15
Suppose 0 = 4*w + q + 9, 1 = 2*q + 3. Let v be (((-120)/(-21))/w)/((-80)/280). Calculate the highest common factor of v and 45.
5
Suppose 19*z + 56 - 170 = 0. Suppose -2*t + 1800 = z*t. Calculate the greatest common divisor of 50 and t.
25
Let o(u) = -30*u**3 + 6*u**2 + 2*u - 2. Let l be o(-1). Suppose -4*i - 2*t + 2180 = -3*t, -4*t - 2736 = -5*i. What is the highest common factor of l and i?
32
Suppose 1406 = -85*x - 79*x + 12886. What is the highest common factor of x and 890?
10
Let x(c) = c**2 - 861*c - 8686. Let m be x(-10). Calculate the greatest common divisor of m and 4952.
8
Let x = 171 - 168. Let n(v) = v**3 - 3*v**2 + 2*v - 5. Let z be n(x). Calculate the highest common factor of 52 and z.
1
Let p = 12 - -76. Let n(v) = 3*v - 15. Let d(t) = 10*t - 45. Let o(w) = 2*d(w) - 7*n(w). Let z be o(7). Calculate the greatest common divisor of z and p.
8
Let o = -57 - -32. Let t = o + 38. Suppose 18*g = 547 + 389. What is the greatest common factor of t and g?
13
Suppose d + 8 = -d. Let g = 7 + d. Suppose 68 = 2*v - 4*q, 10 = -0*q - 2*q. Calculate the highest common divisor of v and g.
3
Suppose 4*r + 26 = 2*s, s + 5*r = 16 + 4. Let t = -322 + 325. Suppose p = -5*f - 5, 0*p = t*p - 4*f - 80. What is the highest common factor of s and p?
5
Let g = 1292 - 6801. Let k be g/(-9) + 2/(-18). Calculate the greatest common factor of 36 and k.
36
Suppose 0 = 91*a + 78*a + 24*a - 12352. Let q be 2397/15 + (-2)/(-10). What is the greatest common divisor of a and q?
32
Let s(f) be the first derivative of -3*f**2/2 + 39*f + 57. Let o be s(0). Calculate the highest common divisor of o and 3.
3
Let s = 5417 + -5389. Calculate the greatest common factor of s and 450.
2
Suppose h - 2*k - 64 = 0, 0 = -17*h + 14*h + 2*k + 164. What is the greatest common divisor of h and 2175?
25
Suppose 3*u + 2*i - 16709 = 4*i, u - 2*i - 5559 = 0. What is the greatest common divisor of u and 223?
223
Let y = -3829 - -5189. What is the greatest common divisor of 1105 a